late the remainder when 635 is divided by h(10).
5
Suppose -5*l + 68 = -l + 2*w, -3*l + 4*w + 40 = 0. Let i = l + -7. What is the remainder when 44 is divided by i?
8
Suppose -p + 2*r + 21 = 0, r - 3*r - 50 = -2*p. Suppose 13 = 3*s - p. What is the remainder when 3 - (4/(-4) - -1 - 51) is divided by s?
12
Let n(p) = -p**3 + p**2 - 2*p + 19. Let o be n(0). Let j(k) = k**3 - 18*k**2 - 17*k - 16. What is the remainder when 65 is divided by j(o)?
21
Suppose 0 = -20*t + 15*t + 20. Calculate the remainder when 104 is divided by 6/t*(-280)/(-12).
34
Calculate the remainder when 3674/11 - (1 - (-5)/1) is divided by 33.
31
Let v = -2 + 8. Suppose -9*h = -v*h - 45. Calculate the remainder when (-4)/(-22) - 2300/(-55) is divided by h.
12
Suppose 21*y - 344 = 811. Calculate the remainder when y is divided by 12.
7
Let v(b) = -b**2 + 3*b - 1. Let n be v(2). Let m(a) = 41*a**2 + 2*a - 1. Let h be m(n). Let q = -4 + h. What is the remainder when q is divided by 13?
12
Calculate the remainder when (-6)/10 - (0 - 1612/20) is divided by 27.
26
Suppose 0 = -7*w - 6*w + 3588. Calculate the remainder when w is divided by 72.
60
Let f(o) = 108*o + 1. Calculate the remainder when f(1) is divided by ((-35)/10 + 6/4)*-11.
21
Let u = -92 + 112. Calculate the remainder when 36 is divided by u.
16
Suppose -2*m - 14 = -3*m. Suppose 36 = g - 5*y, 354*y - 357*y - 12 = g. What is the remainder when m is divided by g?
2
Let q be (-3)/(-2)*(-4)/(-6). Let t(i) = 36*i**2 + 32*i. Calculate the remainder when t(-2) is divided by q/(-1)*(0 - 27).
26
Let m(g) = g**3 + 7*g**2 - 13*g - 10. Suppose -8 = 3*s + 16. Calculate the remainder when m(s) is divided by (-16)/(3 - 3 - 2).
6
Let a be (11/2)/((-2)/(-4)). Suppose 16*s - 190 = a*s. What is the remainder when 111 is divided by s?
35
Suppose 48 + 10 = d + 2*q, 0 = -3*d + q + 139. Suppose -d = -p - p. Calculate the remainder when p is divided by 7.
3
Suppose 4*r - 327 = -i, i - 94 + 334 = 3*r. What is the remainder when r is divided by 24?
9
Let x be ((-6)/(-4))/((-2)/(-4)). Let g = 235 - 115. Suppose -5*q - 5*v = -g, -x*v + 29 = q - v. What is the remainder when q is divided by 7?
5
Let d = 518 - 454. What is the remainder when d is divided by 22?
20
Let o = 16 - 16. Suppose -4*l + 1 = r - o*r, 5*r + 4*l = 69. What is the remainder when r is divided by 12?
5
Let c(q) = q**3 + 6*q**2 - 10. What is the remainder when 148 is divided by c(-5)?
13
Let o be (-6)/(-10) - (-22)/5. Suppose -2*u = -o*t + 47, 4*t - 4*u + 1 = 41. What is the remainder when t is divided by 6?
3
Suppose 4*m + 12 = 0, 4*n + 5*m = 62 + 471. What is the remainder when n is divided by 20?
17
What is the remainder when 30 is divided by ((-8)/(-10))/(-1 + 268/260)?
4
Let g = -70 + 76. Calculate the remainder when 136 is divided by g.
4
Suppose -2*w + 12 = -4*w. What is the remainder when 35 is divided by ((-90)/(-25))/(w/(-20))?
11
Let l be (-1)/6*-2*(-2 + 2). Suppose l = 3*q - 4*q - 5*z + 43, 0 = -4*q + z + 130. Calculate the remainder when 60 is divided by q.
27
Let g = 1015 + -977. What is the remainder when g is divided by 20?
18
Let v(y) be the first derivative of y**3 + 12*y**2 - 11*y + 19. What is the remainder when 46 is divided by v(-9)?
14
Let f = -680 + 787. What is the remainder when f is divided by 10?
7
Suppose 3*v + 32 - 356 = 0. Suppose 441 - 2217 = -48*t. Calculate the remainder when v is divided by t.
34
Let x(m) = m**3 + 4*m**2 - 4*m + 5. Let s be x(-5). Suppose s = -i - 22 + 32. What is the remainder when 39 is divided by i?
9
Let w = 405 - 292. Calculate the remainder when 562 is divided by w.
110
Suppose -14*g = -10*g - 3*t - 222, 0 = 4*g - 5*t - 226. What is the remainder when g is divided by ((-14)/(-3))/(-1)*-3?
12
Let s = -2 - -12. Suppose -6*u = -s*u + 120. What is the remainder when 57 is divided by u?
27
Let n(u) = -u**3 - 3*u**2 + 6*u - 11. Suppose -60 = 4*a - 8*a. What is the remainder when a is divided by n(-5)?
6
Let q be (1 - -234)*(-8)/(-20). Suppose -7*r + 144 = -q. Calculate the remainder when 98 is divided by r.
30
Calculate the remainder when 32/(-56)*(-6818)/4 is divided by 25.
24
Let v = -6 + 12. Suppose 0 = -v*h + 4*h + 120. What is the remainder when h is divided by 17?
9
Suppose -s - 13 = -2*t, 4 = -t - 12*s + 16*s. Let h = -104 + 148. What is the remainder when h is divided by t?
4
Let c = 190 - 107. Let w(j) = j**3 + 7*j**2 - 5*j - 25. Calculate the remainder when c is divided by w(-4).
40
Suppose 5*p = -110 + 35. Let d = p - -19. Suppose -5*s = -3*n - 189, d*s - 2*n = n + 150. Calculate the remainder when s is divided by 14.
11
Let g = -155 + 232. Calculate the remainder when g is divided by 26.
25
Let g(a) = -5*a**2 - 207*a - 58. What is the remainder when 353 is divided by g(-41)?
17
Let g be -2*1*-1 - 2. Let d(j) = 90*j + 8. What is the remainder when d(0) is divided by (1 + -2)*g + 3?
2
Calculate the remainder when (0 - 71)/(-1)*1 is divided by ((-1590)/(-53))/(5/6).
35
Let t(i) = -i**2 + 37*i + 165. What is the remainder when 6 is divided by t(-4)?
0
Calculate the remainder when 159 is divided by (-11 + 553/(-28))*(-8)/3.
77
Let p(h) = 2*h**2 + 12*h. Let z be p(-6). Suppose -5*o - 5*w + 25 = z, -o + 3*w - 7 = -20. What is the remainder when 11 is divided by o?
4
Suppose 6*o - 222 = -54. What is the remainder when o is divided by 23?
5
Let m = -495 + 580. Calculate the remainder when m is divided by 69.
16
Let d = -44 + 62. Let y(r) = -20*r**2 + 22 + 21*r - 4 + r**3 + 3*r**2 - 4*r. What is the remainder when y(16) is divided by d?
16
Let m = 10 + -16. What is the remainder when (-40 - -3)/(-1) + -1 is divided by ((-52)/m)/(18/27)?
10
Calculate the remainder when 106 is divided by -15*(426/(-165) + 48/264).
34
What is the remainder when 321 is divided by 2/3*3*(-76)/(-8)?
17
Let c(k) = 6*k - 3. Calculate the remainder when 108 is divided by c(11).
45
Let z(a) = -3*a**3 - 10*a**2 + 15*a - 34. Let x(c) = -c**3 + c - 1. Let j(l) = 4*x(l) - z(l). Calculate the remainder when 33 is divided by j(9).
9
Let j(b) = -6*b**2 - 39*b - 10. What is the remainder when 310 is divided by j(-5)?
30
Let k(u) = u**3 + 6*u**2 + 2*u + 3. Let o be k(-5). Let h(a) = 2*a - 4. Let v be h(3). What is the remainder when 12/(-6) + o/v is divided by 4?
3
Let v be 2 - 2 - (-12224)/(-4). Let q be (v/(-24))/(4/(-6)). Let l = q + 277. What is the remainder when l is divided by 29?
28
Suppose 4*m = -2*y + 14, -4*y - 21 = -y. Suppose 0 = 5*t + 2*a - 9 - 1, -5*t + 3*a + 35 = 0. Let v = 15 - t. Calculate the remainder when v is divided by m.
4
Suppose -2 = 2*a - 0. Suppose -28 = -3*u - 2*b, -u + 5*b - 5 + 3 = 0. What is the remainder when a/4 - 49/(-4) is divided by u?
4
Let o(g) = g + 40. Let j(s) = 8*s + 437. What is the remainder when o(0) is divided by j(-52)?
19
Let q(a) = -2*a - 30. Let s be q(-7). Let h(r) = r**2 + 14*r - 23. What is the remainder when 34 is divided by h(s)?
7
Suppose -k - 203 = -4*r, k + 244 = 5*r + 3*k. Suppose 3*y + 0*y - 90 = 0. Let w = y - 17. What is the remainder when r is divided by w?
11
Suppose 2*t + 150 = 7*t. Let r(v) = -v + 10. Let j be r(9). Let m(s) = 17*s**3 - s**2. Calculate the remainder when t is divided by m(j).
14
Let v(w) be the first derivative of w**4/4 - 7*w**3 + 2*w**2 + 6*w + 15. Calculate the remainder when v(21) is divided by 19.
14
Let i(d) = -13*d**2 - 3*d - 4. Let r be i(-1). Let l(w) = w**3 + 14*w**2 + 18. What is the remainder when l(r) is divided by 13?
5
Let p(y) = -35*y + 206. What is the remainder when p(2) is divided by 45?
1
Let b = 374 - 87. Suppose -77 = 5*p - b. What is the remainder when p is divided by 23?
19
Let n be (((-18)/3)/(-2))/(4/120). Suppose 3*s = -4*d + n, -5 = 2*d + 1. What is the remainder when 203 is divided by s?
33
Suppose 0 = -0*o - 2*o + 3*i + 9, -3*o - 4*i = 29. What is the remainder when o*(-4)/6 + 35 is divided by 20?
17
Let q(f) = -f + 10. Let y(b) = b**2 - 5*b + 12. Let v be y(4). Calculate the remainder when q(-7) is divided by (-18)/v*48/(-18).
5
Let i(n) = -13*n + 128. What is the remainder when i(9) is divided by 10?
1
Let i = 245 + -234. Calculate the remainder when 349 is divided by i.
8
Let f(l) = l**3 + l**2 + l - 1. Suppose 3*a + 6 - 18 = 0. Let p = -20 - -41. Calculate the remainder when f(a) is divided by p.
20
Suppose 0 = -10*c + 11*c - 4, 0 = a - 4*c 